[INFO] cloning repository https://github.com/honestold3/wqactix
[INFO] running `Command { std: "git" "-c" "credential.helper=" "-c" "credential.helper=/workspace/cargo-home/bin/git-credential-null" "clone" "--bare" "https://github.com/honestold3/wqactix" "/workspace/cache/git-repos/https%3A%2F%2Fgithub.com%2Fhonestold3%2Fwqactix", kill_on_drop: false }`
[INFO] [stderr] Cloning into bare repository '/workspace/cache/git-repos/https%3A%2F%2Fgithub.com%2Fhonestold3%2Fwqactix'...
[INFO] running `Command { std: "git" "rev-parse" "HEAD", kill_on_drop: false }`
[INFO] [stdout] 10d6c390ca87fe045ab6774a1afde2710b2da8d2
[INFO] checking honestold3/wqactix against master#cfbc6d4cf1acbac5c025acf8ed68929caa551df3 for pr-75494-beta
[INFO] running `Command { std: "git" "clone" "/workspace/cache/git-repos/https%3A%2F%2Fgithub.com%2Fhonestold3%2Fwqactix" "/workspace/builds/worker-2/source", kill_on_drop: false }`
[INFO] [stderr] Cloning into '/workspace/builds/worker-2/source'...
[INFO] [stderr] done.
[INFO] validating manifest of git repo https://github.com/honestold3/wqactix on toolchain cfbc6d4cf1acbac5c025acf8ed68929caa551df3
[INFO] running `Command { std: "/workspace/cargo-home/bin/cargo" "+cfbc6d4cf1acbac5c025acf8ed68929caa551df3" "read-manifest" "--manifest-path" "Cargo.toml", kill_on_drop: false }`
[INFO] started tweaking git repo https://github.com/honestold3/wqactix
[INFO] finished tweaking git repo https://github.com/honestold3/wqactix
[INFO] tweaked toml for git repo https://github.com/honestold3/wqactix written to /workspace/builds/worker-2/source/Cargo.toml
[INFO] crate git repo https://github.com/honestold3/wqactix already has a lockfile, it will not be regenerated
[INFO] running `Command { std: "/workspace/cargo-home/bin/cargo" "+cfbc6d4cf1acbac5c025acf8ed68929caa551df3" "fetch" "--locked" "--manifest-path" "Cargo.toml", kill_on_drop: false }`
[INFO] [stderr] warning: An explicit [[bin]] section is specified in Cargo.toml which currently
[INFO] [stderr] disables Cargo from automatically inferring other binary targets.
[INFO] [stderr] This inference behavior will change in the Rust 2018 edition and the following
[INFO] [stderr] files will be included as a binary target:
[INFO] [stderr] 
[INFO] [stderr] * /workspace/builds/worker-2/source/src/main.rs
[INFO] [stderr] 
[INFO] [stderr] This is likely to break cargo build or cargo test as these files may not be
[INFO] [stderr] ready to be compiled as a binary target today. You can future-proof yourself
[INFO] [stderr] and disable this warning by adding `autobins = false` to your [package]
[INFO] [stderr] section. You may also move the files to a location where Cargo would not
[INFO] [stderr] automatically infer them to be a target, such as in subfolders.
[INFO] [stderr] 
[INFO] [stderr] For more information on this warning you can consult
[INFO] [stderr] https://github.com/rust-lang/cargo/issues/5330
[INFO] [stderr] warning: path `/workspace/builds/worker-2/source/src/main.rs` was erroneously implicitly accepted for binary `kankan`,
[INFO] [stderr] please set bin.path in Cargo.toml
[INFO] [stderr]     Blocking waiting for file lock on package cache
[INFO] [stderr]     Updating crates.io index
[INFO] [stderr] error: the lock file /workspace/builds/worker-2/source/Cargo.lock needs to be updated but --locked was passed to prevent this
[INFO] [stderr] If you want to try to generate the lock file without accessing the network, use the --offline flag.
[INFO] the lockfile is outdated, regenerating it
[INFO] running `Command { std: "/workspace/cargo-home/bin/cargo" "+cfbc6d4cf1acbac5c025acf8ed68929caa551df3" "generate-lockfile" "--manifest-path" "Cargo.toml" "-Zno-index-update", kill_on_drop: false }`
[INFO] running `Command { std: "/workspace/cargo-home/bin/cargo" "+cfbc6d4cf1acbac5c025acf8ed68929caa551df3" "fetch" "--locked" "--manifest-path" "Cargo.toml", kill_on_drop: false }`
[INFO] [stderr] warning: An explicit [[bin]] section is specified in Cargo.toml which currently
[INFO] [stderr] disables Cargo from automatically inferring other binary targets.
[INFO] [stderr] This inference behavior will change in the Rust 2018 edition and the following
[INFO] [stderr] files will be included as a binary target:
[INFO] [stderr] 
[INFO] [stderr] * /workspace/builds/worker-2/source/src/main.rs
[INFO] [stderr] 
[INFO] [stderr] This is likely to break cargo build or cargo test as these files may not be
[INFO] [stderr] ready to be compiled as a binary target today. You can future-proof yourself
[INFO] [stderr] and disable this warning by adding `autobins = false` to your [package]
[INFO] [stderr] section. You may also move the files to a location where Cargo would not
[INFO] [stderr] automatically infer them to be a target, such as in subfolders.
[INFO] [stderr] 
[INFO] [stderr] For more information on this warning you can consult
[INFO] [stderr] https://github.com/rust-lang/cargo/issues/5330
[INFO] [stderr] warning: path `/workspace/builds/worker-2/source/src/main.rs` was erroneously implicitly accepted for binary `kankan`,
[INFO] [stderr] please set bin.path in Cargo.toml
[INFO] [stderr]     Blocking waiting for file lock on package cache
[INFO] [stderr]  Downloading crates ...
[INFO] [stderr]   Downloaded quote v1.0.7
[INFO] [stderr]   Downloaded rand v0.3.23
[INFO] [stderr]   Downloaded crossbeam-queue v0.2.3
[INFO] [stderr]   Downloaded signal-hook-registry v1.2.1
[INFO] [stderr]   Downloaded stable_deref_trait v1.2.0
[INFO] [stderr]   Downloaded actix_derive v0.3.2
[INFO] [stderr]   Downloaded ipconfig v0.1.9
[INFO] [stderr]   Downloaded hostname v0.3.1
[INFO] [stderr]   Downloaded serde_json v1.0.57
[INFO] [stderr]   Downloaded tokio-fs v0.1.7
[INFO] [stderr]   Downloaded quick-error v1.2.3
[INFO] [stderr]   Downloaded serde_derive v1.0.115
[INFO] [stderr]   Downloaded socket2 v0.3.12
[INFO] [stderr]   Downloaded memoffset v0.5.5
[INFO] [stderr]   Downloaded failure_derive v0.1.8
[INFO] [stderr]   Downloaded match_cfg v0.1.0
[INFO] [stderr]   Downloaded unicode-normalization v0.1.13
[INFO] [stderr]   Downloaded serde v1.0.115
[INFO] [stderr]   Downloaded owning_ref v0.4.1
[INFO] [stderr]   Downloaded tokio-codec v0.1.2
[INFO] [stderr]   Downloaded object v0.20.0
[INFO] [stderr]   Downloaded syn v1.0.39
[INFO] [stderr]   Downloaded error-chain v0.8.1
[INFO] [stderr]   Downloaded linked-hash-map v0.5.3
[INFO] [stderr]   Downloaded gimli v0.22.0
[INFO] [stderr]   Downloaded trust-dns-resolver v0.10.3
[INFO] [stderr]   Downloaded backtrace v0.3.50
[INFO] [stderr]   Downloaded mio v0.6.22
[INFO] [stderr]   Downloaded failure v0.1.8
[INFO] [stderr]   Downloaded mio-uds v0.6.8
[INFO] [stderr]   Downloaded tokio-executor v0.1.10
[INFO] [stderr]   Downloaded tokio-io v0.1.13
[INFO] [stderr]   Downloaded tokio-reactor v0.1.12
[INFO] [stderr]   Downloaded tokio-tcp v0.1.4
[INFO] [stderr]   Downloaded arc-swap v0.4.7
[INFO] [stderr]   Downloaded addr2line v0.13.0
[INFO] [stderr]   Downloaded tokio-current-thread v0.1.7
[INFO] [stderr]   Downloaded tokio-threadpool v0.1.18
[INFO] [stderr]   Downloaded hermit-abi v0.1.15
[INFO] [stderr]   Downloaded adler v0.2.3
[INFO] [stderr]   Downloaded synstructure v0.12.4
[INFO] [stderr]   Downloaded lock_api v0.3.4
[INFO] [stderr]   Downloaded autocfg v1.0.1
[INFO] [stderr]   Downloaded itoa v0.4.6
[INFO] [stderr]   Downloaded ryu v1.0.5
[INFO] [stderr]   Downloaded net2 v0.2.34
[INFO] [stderr]   Downloaded scopeguard v1.1.0
[INFO] [stderr]   Downloaded crossbeam-utils v0.7.2
[INFO] [stderr]   Downloaded byteorder v1.3.4
[INFO] [stderr]   Downloaded fnv v1.0.7
[INFO] [stderr]   Downloaded resolv-conf v0.6.3
[INFO] [stderr]   Downloaded tinyvec v0.3.4
[INFO] [stderr]   Downloaded trust-dns-proto v0.6.3
[INFO] [stderr]   Downloaded tokio-uds v0.2.7
[INFO] [stderr]   Downloaded trust-dns-proto v0.5.0
[INFO] [stderr]   Downloaded widestring v0.2.2
[INFO] [stderr]   Downloaded tokio-signal v0.2.9
[INFO] [stderr]   Downloaded winreg v0.5.1
[INFO] [stderr]   Downloaded lru-cache v0.1.2
[INFO] [stderr]   Downloaded miniz_oxide v0.4.1
[INFO] [stderr]   Downloaded actix v0.7.9
[INFO] [stderr]   Downloaded crossbeam-epoch v0.8.2
[INFO] [stderr]   Downloaded crossbeam-deque v0.7.3
[INFO] [stderr]   Downloaded tokio-timer v0.2.13
[INFO] [stderr]   Downloaded tokio-udp v0.1.6
[INFO] [stderr]   Downloaded tokio-sync v0.1.8
[INFO] [stderr]   Downloaded proc-macro2 v1.0.19
[INFO] [stderr]   Downloaded unicode-xid v0.2.1
[INFO] running `Command { std: "docker" "create" "-v" "/var/lib/crater-agent-workspace/builds/worker-2/target:/opt/rustwide/target:rw,Z" "-v" "/var/lib/crater-agent-workspace/builds/worker-2/source:/opt/rustwide/workdir:ro,Z" "-v" "/var/lib/crater-agent-workspace/cargo-home:/opt/rustwide/cargo-home:ro,Z" "-v" "/var/lib/crater-agent-workspace/rustup-home:/opt/rustwide/rustup-home:ro,Z" "-e" "SOURCE_DIR=/opt/rustwide/workdir" "-e" "CARGO_TARGET_DIR=/opt/rustwide/target" "-e" "CARGO_HOME=/opt/rustwide/cargo-home" "-e" "RUSTUP_HOME=/opt/rustwide/rustup-home" "-w" "/opt/rustwide/workdir" "-m" "1610612736" "--user" "0:0" "--network" "none" "rustops/crates-build-env@sha256:a636fd89d022f18117e1dc8fb37a0a009933cdbbe082814857f0e2024962d47c" "/opt/rustwide/cargo-home/bin/cargo" "+cfbc6d4cf1acbac5c025acf8ed68929caa551df3" "metadata" "--no-deps" "--format-version=1", kill_on_drop: false }`
[INFO] [stdout] e679dc172592442983c0d7adc0959312a79ffb7a2190fcf8c0b241c22a3dd4e2
[INFO] [stderr] WARNING: Your kernel does not support swap limit capabilities or the cgroup is not mounted. Memory limited without swap.
[INFO] running `Command { std: "docker" "start" "-a" "e679dc172592442983c0d7adc0959312a79ffb7a2190fcf8c0b241c22a3dd4e2", kill_on_drop: false }`
[INFO] running `Command { std: "docker" "inspect" "e679dc172592442983c0d7adc0959312a79ffb7a2190fcf8c0b241c22a3dd4e2", kill_on_drop: false }`
[INFO] running `Command { std: "docker" "rm" "-f" "e679dc172592442983c0d7adc0959312a79ffb7a2190fcf8c0b241c22a3dd4e2", kill_on_drop: false }`
[INFO] [stdout] e679dc172592442983c0d7adc0959312a79ffb7a2190fcf8c0b241c22a3dd4e2
[INFO] running `Command { std: "docker" "create" "-v" "/var/lib/crater-agent-workspace/builds/worker-2/target:/opt/rustwide/target:rw,Z" "-v" "/var/lib/crater-agent-workspace/builds/worker-2/source:/opt/rustwide/workdir:ro,Z" "-v" "/var/lib/crater-agent-workspace/cargo-home:/opt/rustwide/cargo-home:ro,Z" "-v" "/var/lib/crater-agent-workspace/rustup-home:/opt/rustwide/rustup-home:ro,Z" "-e" "SOURCE_DIR=/opt/rustwide/workdir" "-e" "CARGO_TARGET_DIR=/opt/rustwide/target" "-e" "CARGO_INCREMENTAL=0" "-e" "RUST_BACKTRACE=full" "-e" "RUSTFLAGS=--cap-lints=forbid" "-e" "CARGO_HOME=/opt/rustwide/cargo-home" "-e" "RUSTUP_HOME=/opt/rustwide/rustup-home" "-w" "/opt/rustwide/workdir" "-m" "1610612736" "--user" "0:0" "--network" "none" "rustops/crates-build-env@sha256:a636fd89d022f18117e1dc8fb37a0a009933cdbbe082814857f0e2024962d47c" "/opt/rustwide/cargo-home/bin/cargo" "+cfbc6d4cf1acbac5c025acf8ed68929caa551df3" "check" "--frozen" "--all" "--all-targets" "--message-format=json", kill_on_drop: false }`
[INFO] [stdout] 73b0b390c6e7b5d83cc3f14cf4fb96ef4ffd9affb4fcc9ef1810e04d1cab0cec
[INFO] [stderr] WARNING: Your kernel does not support swap limit capabilities or the cgroup is not mounted. Memory limited without swap.
[INFO] running `Command { std: "docker" "start" "-a" "73b0b390c6e7b5d83cc3f14cf4fb96ef4ffd9affb4fcc9ef1810e04d1cab0cec", kill_on_drop: false }`
[INFO] [stderr] warning: An explicit [[bin]] section is specified in Cargo.toml which currently
[INFO] [stderr] disables Cargo from automatically inferring other binary targets.
[INFO] [stderr] This inference behavior will change in the Rust 2018 edition and the following
[INFO] [stderr] files will be included as a binary target:
[INFO] [stderr] 
[INFO] [stderr] * /opt/rustwide/workdir/src/main.rs
[INFO] [stderr] 
[INFO] [stderr] This is likely to break cargo build or cargo test as these files may not be
[INFO] [stderr] ready to be compiled as a binary target today. You can future-proof yourself
[INFO] [stderr] and disable this warning by adding `autobins = false` to your [package]
[INFO] [stderr] section. You may also move the files to a location where Cargo would not
[INFO] [stderr] automatically infer them to be a target, such as in subfolders.
[INFO] [stderr] 
[INFO] [stderr] For more information on this warning you can consult
[INFO] [stderr] https://github.com/rust-lang/cargo/issues/5330
[INFO] [stderr] warning: path `/opt/rustwide/workdir/src/main.rs` was erroneously implicitly accepted for binary `kankan`,
[INFO] [stderr] please set bin.path in Cargo.toml
[INFO] [stderr]     Checking cfg-if v0.1.10
[INFO] [stderr]    Compiling semver-parser v0.7.0
[INFO] [stderr]    Compiling maybe-uninit v2.0.0
[INFO] [stderr]     Checking lazy_static v1.4.0
[INFO] [stderr]    Compiling log v0.4.11
[INFO] [stderr]     Checking scopeguard v1.1.0
[INFO] [stderr]    Compiling byteorder v1.3.4
[INFO] [stderr]     Checking slab v0.4.2
[INFO] [stderr]    Compiling proc-macro2 v1.0.19
[INFO] [stderr]     Checking fnv v1.0.7
[INFO] [stderr]    Compiling unicode-xid v0.2.1
[INFO] [stderr]    Compiling syn v1.0.39
[INFO] [stderr]     Checking matches v0.1.8
[INFO] [stderr]     Checking gimli v0.22.0
[INFO] [stderr]     Checking tinyvec v0.3.4
[INFO] [stderr]     Checking adler v0.2.3
[INFO] [stderr]     Checking rustc-demangle v0.1.16
[INFO] [stderr]     Checking object v0.20.0
[INFO] [stderr]    Compiling proc-macro2 v0.4.30
[INFO] [stderr]     Checking percent-encoding v1.0.1
[INFO] [stderr]    Compiling unicode-xid v0.1.0
[INFO] [stderr]    Compiling syn v0.15.44
[INFO] [stderr]     Checking match_cfg v0.1.0
[INFO] [stderr]     Checking stable_deref_trait v1.2.0
[INFO] [stderr]    Compiling bitflags v1.2.1
[INFO] [stderr]    Compiling ryu v1.0.5
[INFO] [stderr]     Checking scopeguard v0.3.3
[INFO] [stderr]     Checking linked-hash-map v0.5.3
[INFO] [stderr]     Checking quick-error v1.2.3
[INFO] [stderr]    Compiling serde_derive v1.0.115
[INFO] [stderr]    Compiling serde_json v1.0.57
[INFO] [stderr]    Compiling crossbeam-utils v0.7.2
[INFO] [stderr]    Compiling memoffset v0.5.5
[INFO] [stderr]    Compiling crossbeam-epoch v0.8.2
[INFO] [stderr]     Checking lock_api v0.3.4
[INFO] [stderr]     Checking tokio-sync v0.1.8
[INFO] [stderr]     Checking unicode-bidi v0.3.4
[INFO] [stderr]     Checking miniz_oxide v0.4.1
[INFO] [stderr]     Checking crossbeam-utils v0.6.6
[INFO] [stderr]    Compiling semver v0.9.0
[INFO] [stderr]     Checking owning_ref v0.4.1
[INFO] [stderr]     Checking unicode-normalization v0.1.13
[INFO] [stderr]     Checking lru-cache v0.1.2
[INFO] [stderr]     Checking iovec v0.1.4
[INFO] [stderr]     Checking num_cpus v1.13.0
[INFO] [stderr]     Checking net2 v0.2.34
[INFO] [stderr]     Checking rand_os v0.1.3
[INFO] [stderr]     Checking socket2 v0.3.12
[INFO] [stderr]     Checking rand v0.5.6
[INFO] [stderr]     Checking hostname v0.3.1
[INFO] [stderr]     Checking signal-hook-registry v1.2.1
[INFO] [stderr]     Checking lock_api v0.1.5
[INFO] [stderr]     Checking crossbeam-channel v0.3.9
[INFO] [stderr]     Checking rand v0.6.5
[INFO] [stderr]     Checking resolv-conf v0.6.3
[INFO] [stderr]    Compiling rustc_version v0.2.3
[INFO] [stderr]     Checking mio v0.6.22
[INFO] [stderr]     Checking smallvec v0.6.13
[INFO] [stderr]     Checking bytes v0.4.12
[INFO] [stderr]    Compiling parking_lot_core v0.6.2
[INFO] [stderr]    Compiling parking_lot v0.9.0
[INFO] [stderr]    Compiling parking_lot_core v0.4.0
[INFO] [stderr]    Compiling quote v0.6.13
[INFO] [stderr]    Compiling quote v1.0.7
[INFO] [stderr]     Checking idna v0.1.5
[INFO] [stderr]     Checking tokio-executor v0.1.10
[INFO] [stderr]     Checking crossbeam-queue v0.2.3
[INFO] [stderr]     Checking tokio-io v0.1.13
[INFO] [stderr]     Checking tokio-timer v0.2.13
[INFO] [stderr]     Checking tokio-current-thread v0.1.7
[INFO] [stderr]     Checking mio-uds v0.6.8
[INFO] [stderr]     Checking uuid v0.7.4
[INFO] [stderr]     Checking crossbeam-deque v0.7.3
[INFO] [stderr]     Checking url v1.7.2
[INFO] [stderr]     Checking tokio-codec v0.1.2
[INFO] [stderr]     Checking parking_lot v0.7.1
[INFO] [stderr]     Checking tokio-threadpool v0.1.18
[INFO] [stderr]     Checking tokio-reactor v0.1.12
[INFO] [stderr]     Checking addr2line v0.13.0
[INFO] [stderr]     Checking tokio-udp v0.1.6
[INFO] [stderr]     Checking tokio-tcp v0.1.4
[INFO] [stderr]     Checking tokio-uds v0.2.7
[INFO] [stderr]     Checking tokio-signal v0.2.9
[INFO] [stderr]     Checking tokio-fs v0.1.7
[INFO] [stderr]     Checking backtrace v0.3.50
[INFO] [stderr]     Checking tokio v0.1.22
[INFO] [stderr]    Compiling synstructure v0.12.4
[INFO] [stderr]    Compiling failure_derive v0.1.8
[INFO] [stderr]    Compiling actix_derive v0.3.2
[INFO] [stderr]     Checking failure v0.1.8
[INFO] [stderr]     Checking trust-dns-proto v0.6.3
[INFO] [stderr]     Checking trust-dns-proto v0.5.0
[INFO] [stderr]     Checking trust-dns-resolver v0.10.3
[INFO] [stderr]     Checking actix v0.7.9
[INFO] [stderr]     Checking wqactix v0.1.0 (/opt/rustwide/workdir)
[INFO] [stdout] error[E0432]: unresolved import `wqactix::com`
[INFO] [stdout]  --> src/main.rs:5:14
[INFO] [stdout]   |
[INFO] [stdout] 5 | use wqactix::com::macros;
[INFO] [stdout]   |              ^^^ could not find `com` in `wqactix`
[INFO] [stdout] 
[INFO] [stdout] 
[INFO] [stdout] error[E0432]: unresolved import `wqactix::com`
[INFO] [stdout]  --> src/main.rs:7:14
[INFO] [stdout]   |
[INFO] [stdout] 7 | use wqactix::com::actors;
[INFO] [stdout]   |              ^^^ could not find `com` in `wqactix`
[INFO] [stdout] 
[INFO] [stdout] 
[INFO] [stdout] error: cannot find macro `say_hello` in this scope
[INFO] [stdout]   --> src/main.rs:43:5
[INFO] [stdout]    |
[INFO] [stdout] 32 | macro_rules! say_hello1{
[INFO] [stdout]    | ----------------------- similarly named macro `say_hello1` defined here
[INFO] [stdout] ...
[INFO] [stdout] 43 |     say_hello!();
[INFO] [stdout]    |     ^^^^^^^^^ help: a macro with a similar name exists: `say_hello1`
[INFO] [stdout] 
[INFO] [stdout] 
[INFO] [stdout] warning: unused `#[macro_use]` import
[INFO] [stdout]  --> src/main.rs:1:1
[INFO] [stdout]   |
[INFO] [stdout] 1 | #[macro_use]
[INFO] [stdout]   | ^^^^^^^^^^^^
[INFO] [stdout]   |
[INFO] [stdout]   = note: `#[warn(unused_imports)]` on by default
[INFO] [stdout] 
[INFO] [stdout] 
[INFO] [stdout] warning: unused imports: `Addr`, `Arbiter`, `msgs`
[INFO] [stdout]  --> src/main.rs:6:13
[INFO] [stdout]   |
[INFO] [stdout] 6 | use actix::{msgs, Actor, Addr, Arbiter, Context, System};
[INFO] [stdout]   |             ^^^^         ^^^^  ^^^^^^^
[INFO] [stdout] 
[INFO] [stdout] 
[INFO] [stdout] warning: trait objects without an explicit `dyn` are deprecated
[INFO] [stdout]   --> src/main.rs:60:28
[INFO] [stdout]    |
[INFO] [stdout] 60 | fn multiply(m: i32) -> Box<Fn(i32)->i32> {
[INFO] [stdout]    |                            ^^^^^^^^^^^^ help: use `dyn`: `dyn Fn(i32)->i32`
[INFO] [stdout]    |
[INFO] [stdout]    = note: `#[warn(bare_trait_objects)]` on by default
[INFO] [stdout] 
[INFO] [stdout] 
[INFO] [stdout] error: aborting due to 3 previous errors; 3 warnings emitted
[INFO] [stdout] 
[INFO] [stdout] 
[INFO] [stdout] For more information about this error, try `rustc --explain E0432`.
[INFO] [stdout] 
[INFO] [stdout] error[E0432]: unresolved import `wqactix::com`
[INFO] [stdout]  --> src/main.rs:5:14
[INFO] [stdout]   |
[INFO] [stdout] 5 | use wqactix::com::macros;
[INFO] [stdout]   |              ^^^ could not find `com` in `wqactix`
[INFO] [stdout] 
[INFO] [stdout] 
[INFO] [stdout] error[E0432]: unresolved import `wqactix::com`
[INFO] [stdout]  --> src/main.rs:7:14
[INFO] [stdout]   |
[INFO] [stdout] 7 | use wqactix::com::actors;
[INFO] [stdout]   |              ^^^ could not find `com` in `wqactix`
[INFO] [stdout] 
[INFO] [stdout] 
[INFO] [stdout] error: cannot find macro `say_hello` in this scope
[INFO] [stdout]   --> src/main.rs:43:5
[INFO] [stdout]    |
[INFO] [stdout] 32 | macro_rules! say_hello1{
[INFO] [stdout]    | ----------------------- similarly named macro `say_hello1` defined here
[INFO] [stdout] ...
[INFO] [stdout] 43 |     say_hello!();
[INFO] [stdout]    |     ^^^^^^^^^ help: a macro with a similar name exists: `say_hello1`
[INFO] [stdout] 
[INFO] [stdout] 
[INFO] [stdout] warning: unused `#[macro_use]` import
[INFO] [stdout]  --> src/main.rs:1:1
[INFO] [stdout]   |
[INFO] [stdout] 1 | #[macro_use]
[INFO] [stdout]   | ^^^^^^^^^^^^
[INFO] [stdout]   |
[INFO] [stdout]   = note: `#[warn(unused_imports)]` on by default
[INFO] [stdout] 
[INFO] [stdout] 
[INFO] [stdout] warning: unused imports: `Addr`, `Arbiter`, `msgs`
[INFO] [stdout]  --> src/main.rs:6:13
[INFO] [stdout]   |
[INFO] [stdout] 6 | use actix::{msgs, Actor, Addr, Arbiter, Context, System};
[INFO] [stdout]   |             ^^^^         ^^^^  ^^^^^^^
[INFO] [stdout] 
[INFO] [stdout] 
[INFO] [stdout] warning: trait objects without an explicit `dyn` are deprecated
[INFO] [stdout]   --> src/main.rs:60:28
[INFO] [stdout]    |
[INFO] [stdout] 60 | fn multiply(m: i32) -> Box<Fn(i32)->i32> {
[INFO] [stdout]    |                            ^^^^^^^^^^^^ help: use `dyn`: `dyn Fn(i32)->i32`
[INFO] [stdout]    |
[INFO] [stdout]    = note: `#[warn(bare_trait_objects)]` on by default
[INFO] [stdout] 
[INFO] [stdout] 
[INFO] [stderr] error: could not compile `wqactix`.
[INFO] [stderr] 
[INFO] [stderr] To learn more, run the command again with --verbose.
[INFO] [stderr] warning: build failed, waiting for other jobs to finish...
[INFO] [stdout] error: aborting due to 3 previous errors; 3 warnings emitted
[INFO] [stdout] 
[INFO] [stdout] 
[INFO] [stdout] For more information about this error, try `rustc --explain E0432`.
[INFO] [stdout] 
[INFO] [stderr] error: build failed
[INFO] running `Command { std: "docker" "inspect" "73b0b390c6e7b5d83cc3f14cf4fb96ef4ffd9affb4fcc9ef1810e04d1cab0cec", kill_on_drop: false }`
[INFO] running `Command { std: "docker" "rm" "-f" "73b0b390c6e7b5d83cc3f14cf4fb96ef4ffd9affb4fcc9ef1810e04d1cab0cec", kill_on_drop: false }`
[INFO] [stdout] 73b0b390c6e7b5d83cc3f14cf4fb96ef4ffd9affb4fcc9ef1810e04d1cab0cec
